vative of -o**3/3 + 2*o**2 + 7*o - 298. Let n be (3 + 2)*(0 + 1). Give x(n).
2
Let h(z) be the second derivative of -7*z**5/60 - 19*z**2/2 - 2*z. Let i(v) be the first derivative of h(v). Give i(1).
-7
Let n(h) = -h**3 + 2*h**2 + 8*h - 54. Let s(t) = t**3 - 2*t**2 - 9*t + 70. Let z(o) = 4*n(o) + 3*s(o). Calculate z(4).
-18
Let l(v) = -7*v**3 + v**2 - 1. Let o(i) = -i**2 - 23*i + 1. Let w be o(-23). Determine l(w).
-7
Suppose 3*i + 0*r = 2*r + 40, -3*r + 54 = 5*i. Let z(g) = -27*g**3 + 3 - 14*g + 2 - 15*g**2 + 14*g**3 + i*g**3. Give z(-14).
5
Let j(s) = -3*s - 6. Suppose 14*p - 18*p = 12. Determine j(p).
3
Let r = 13 + -7. Let c(i) = 17*i**2 - 3*i + 6. Let h(f) = -10*f**2 + f - 3. Let t(s) = -3*c(s) - 5*h(s). What is t(r)?
-15
Let q(y) be the third derivative of -y**6/120 - y**5/12 + y**4/4 + 7*y**3/6 - 6*y**2. Suppose 7*g + 12 = 5*g. Let t be (20/25)/(g/45). Calculate q(t).
7
Let u(f) = -5 + 12 + 2*f - 9. Let y(a) = -13*a**3 + 2*a**2 - 2*a + 1. Let c be y(1). Let l be -6*(32/c + 2). Determine u(l).
6
Let j = -122 + 126. Suppose -j*f - 18 = 6. Let t(q) = -2*q + 14. Let l(h) = h - 5. Let p(u) = -8*l(u) - 3*t(u). Give p(f).
10
Suppose -4*u + 105*v - 104*v + 13 = 0, 0 = 4*u + v - 3. Let r(c) be the third derivative of 1/12*c**4 + 1/3*c**3 + 0*c + 0 + 8*c**u. Determine r(-4).
-6
Suppose -4*l + f = -3*f, 0 = 3*l - f + 6. Let y be ((-111)/l)/(-5 - -6). Let w(t) = -74 + 38 + y - 3*t. Give w(1).
-2
Let o(k) be the third derivative of -k**5/30 - 3*k**4/8 - k**3/6 + 2*k**2 - 35*k. What is o(-6)?
-19
Let h(z) = 2*z**2 - 13*z - 3. Let d be ((-301)/(-21) - 13) + 28/6. What is h(d)?
-9
Let f(v) = v**2 + 5*v - 2. Let z be ((-17)/51)/(3/54). Determine f(z).
4
Let u(v) be the third derivative of 0 - 1/6*v**4 + 0*v - 36*v**2 + 1/6*v**3. Determine u(4).
-15
Let u(k) = 28*k**2 - 20*k + 7. Let i(b) = 23*b**2 - 21*b + 9. Let d(z) = -6*i(z) + 5*u(z). What is d(-14)?
9
Let j be 0 - 1/2*(-1 - -1). Suppose -2 = -h + 1. Let f(n) = 3 + j - n + h*n. Give f(-3).
-3
Let z(b) = -41*b**3 - b**2 - 5*b + 6. Let x(g) = 163*g**3 + 4*g**2 + 22*g - 26. Let m(v) = -2*x(v) - 9*z(v). Give m(1).
43
Let u(t) = -60*t + 2. Suppose -110 = -61*j - 49*j. What is u(j)?
-58
Let a(n) = -n**3 - 12*n**2 - 10*n + 9. Let b be a(-11). Let s be (-3)/4*(b - 10). Let t(u) = u**3 - 8*u**2 - 10*u + 12. Determine t(s).
3
Suppose -6*y + 18 = -3*y + 5*i, -5*y - 3*i + 30 = 0. Let d(z) be the second derivative of z**4/12 - 3*z**3/2 + 3*z**2 + 22*z + 3. Calculate d(y).
-12
Let r be (-120)/1020 + 138/17. Let o(l) = -l**3 + 7*l**2 + 7*l + 14. Give o(r).
6
Let l(v) = 0 - v**3 + 0. Suppose 13*q = 4*b + 11*q + 8, 0 = -3*b + 2*q - 9. Calculate l(b).
-1
Suppose f + 0*f = 2*u + 8, -2*f - 4*u = -24. Let j(x) = x**2 - 16 + 2 + f - 5*x. Suppose -2*c + b = -10, c - b - 14 = -5*b. Calculate j(c).
2
Let d(j) be the third derivative of 0*j + 7/120*j**5 + 0 - 4/3*j**3 - 1/12*j**4 + 2*j**2. Let v(r) be the first derivative of d(r). What is v(-2)?
-16
Let c(x) = -3 + x**3 + 0*x**2 + 14903*x - 14905*x + 2*x**2. Suppose 2*p - 13 = 11. Suppose 5*q = 3*s, -p = -0*q - q + 3*s. What is c(q)?
-6
Let j(b) = -2*b**3 - 2*b**2 - b + 4. Let m(x) = 5*x**3 + 6*x**2 + 3*x - 10. Let d(l) = -7*j(l) - 3*m(l). Give d(-3).
-1
Let q(o) = o**2 - 10*o - 7. Let m be q(11). Let x(w) = 15*w**2 + 0*w + 6*w + m - 14*w**2. Suppose -3*i - 40 = -5*z, 3*i + 2*z + 3 = -2. Give x(i).
-1
Let k be (0 + (-1 - 0))*(-4)/2. Suppose -6*p + 24 = k*p. Let q(w) be the third derivative of -w**6/120 + w**5/60 + w**4/12 + 2*w**3/3 - w**2. What is q(p)?
-8
Let v = -2711 + 2698. Let j(k) be the second derivative of -k**5/20 - 7*k**4/6 - 2*k**3 + 17*k**2/2 + k. What is j(v)?
4
Let g = -1 - -1. Let n(x) = x**2 - 2*x - 18. Let v be n(g). Let t = v + 21. Let m(r) = -r**3 + 3*r**2 - r. Give m(t).
-3
Let u be (10/2 + 2)/(-1). Let w(n) = -12*n + 34*n - 14*n - 11*n - n**2 - 6 - 6*n. What is w(u)?
8
Let o(k) = k**3 + 8*k**2 + 5*k - 10. Suppose 4*y - 21 = 3*t - 0, 3*y = 2*t + 14. Give o(t).
4
Let l(o) = o**3 + 4*o**2 - 2*o. Let k be -5 + 8 + -6 + -1. Determine l(k).
8
Let q be 90/21*(-3)/(3/(-7)). Let w be (14/(-3))/(20/q). Let v(r) = -r**3 - 6*r**2 + 8*r + 8. What is v(w)?
1
Let u(m) = 3*m. Let l(g) = 2*g + 14. Let o be l(-6). Let a be ((-2)/(-4))/1*o. Calculate u(a).
3
Let y(f) = 18*f + 1. Suppose 3*k - 5 + 2 = a, 4*a = -4*k + 20. Suppose 2*z = l - 5, a*l + 3*z + 0*z + 12 = 0. Calculate y(l).
-17
Let n = -35 + 31. Let z(r) = r**3 - 5*r**2 + 3*r + 4. Let t(u) = 4*u**3 - 14*u**2 + 8*u + 11. Let c(v) = n*t(v) + 11*z(v). Determine c(-1).
5
Suppose 16*o + 248 = 20*o. Let b be ((-93)/o)/((-2)/(-4)). Let r(z) = -z + 4. Determine r(b).
7
Let h(k) be the second derivative of 1/2*k**3 - 1/12*k**4 + 0 + 5/2*k**2 + 7*k. What is h(4)?
1
Let n be -3*(-24)/126 - 46/7. Let t(f) = -2*f + 2. What is t(n)?
14
Suppose 1 = -4*p - z, 5*z = -33 + 8. Let a(l) = 4*l**3 + 2*l**2 - l. Give a(p).
5
Let w(t) = -8*t - 4. Let u(n) = 1 - n + 4*n - 2*n. Let x = 65 - 69. Let c(b) = x*u(b) - w(b). Give c(-2).
-8
Let x(l) = -l**2 + 9*l + 14. Let u be x(10). Let j be (150/45)/(u/(-6)). Let d(z) = z - 2. What is d(j)?
-7
Let b(v) = 3*v + 4 - 9*v + 5*v - 5 + 5*v**2. Suppose 5 + 11 = -16*o. What is b(o)?
5
Let y(f) = -10*f + 8*f - 1 + 10*f. Let x = 3 - 3. Suppose -i + 1 = -x. Calculate y(i).
7
Let p(u) = -u**2 - u - 1. Let z be 1*3 + (-6 - (-1 + -1)). Let x(g) be the third derivative of -g**5/10 - g**4/6 + g**2. Let v(l) = z*x(l) + 5*p(l). Give v(0).
-5
Let x = -220 - -219. Let n(y) = 17*y**3 - y**2 - y - 1. What is n(x)?
-18
Let c(x) = -17*x**3 - 3*x**2 - 2*x + 3. Let u(y) = 17*y**3 + 2*y**2 + y - 2. Let z(d) = 2*c(d) + 3*u(d). Suppose 408*l = 45*l - 363. Determine z(l).
-16
Let j(x) = -x - 1. Suppose -5*l + 10 = -3*s - 1, -2*l - 4*s + 20 = 0. Let v be (l/(-10))/(7/35). Determine j(v).
1
Let j(g) = -g**3 - 9*g**2 - 6*g + 11. Let l(p) = -3*p - 1. Let c be l(-1). Suppose 5*r + 3*y + 40 = 0, 4*y - 24 = c*r + r. Calculate j(r).
-5
Let y(r) = -2*r**3 + r**2 + r. Let w(b) = 5*b**3 - 2*b + 1. Let i(d) = -w(d) - 3*y(d). Calculate i(3).
-4
Let g(l) be the first derivative of l**3/3 - l**2 + 2*l - 1. Suppose -2*i + 6 + 2 = 0. Let a be (-4)/i + (-1 - -4) + 1. Determine g(a).
5
Let h(n) = n**2 - n - 8. Let c = -552 + 549. Determine h(c).
4
Let p(z) = -4*z**3 + 5*z**2 - 6. Let c(h) = -h - 12. Let f be c(-7). Let u(b) = b**3 - b. Let k(y) = f*u(y) - p(y). Suppose -8 = 2*m + 4. Determine k(m).
12
Let w(p) = -p - 1. Let i(r) = 1 - 20*r - 11 - 14 - 1. Let o(a) = i(a) - 25*w(a). Calculate o(-1).
-5
Let n be (3/(-2) + 1)/(23/(-230)). Let f(o) = 5 + n + 2 - 3 - o. Determine f(9).
0
Let u(o) = 2*o**3 - o**2 + 2*o - 2. Suppose 7*h = -411 + 425. Calculate u(h).
14
Let f(s) = -s**2 + 15*s + 36. Let a be f(17). Let i be 2 - 6 - (a + -3). Let x(h) = -h**3 - h**2 + h - 2. Determine x(i).
13
Suppose -4*d - 2*j = 0, 3*d - 3*j + 8 = 5*d. Let q = d - 2. Let r = q - -6. Let a(f) = 2*f**3 - 2*f**2 - 3*f + 2. Give a(r).
4
Let h be (-6)/15 - (-3 - (-12)/20). Suppose -g = h*b + 9, 5*g - 2*g + 2*b = -15. Let c(x) = x**2 - 4. What is c(g)?
5
Let u be 4/10 - (-24)/15. Let t(y) be the first derivative of 0*y**3 + 1/4*y**4 - y**2 - 2 + y. Determine t(u).
5
Let x(s) = 2*s**2 + 17*s - 2. Let m(j) = j**2 + 8*j - 1. Let i(b) = 9*m(b) - 4*x(b). What is i(-5)?
4
Let v be (-12)/(-8) + 1/(4/6). Suppose 2*z + 2*l = l + 5, v*z - 11 = -5*l. Let s(y) = -y**2 + 3*y - 3. Give s(z).
-1
Suppose -10*d = -184 + 34. Suppose 6*c - d = 11*c. Let h(k) = -2*k**2 - 3*k + 3. Calculate h(c).
-6
Let o(x) = x**2 + 8*x + 2. Let d be o(-8). Let k(l) = 7 - 2*l + 8*l**d - l**3 + 8*l**2 - 8*l**2 - 6*l. Let m = 17 + -10. Give k(m).
0
Let w be (-8)/(-6)*18/(-4). Let g = w - -11. Let q(s) = 2 + s + 0*s - g*s**2 - s**3 + 1. Give q(-5).
-2
Let s = 18 - 16. Let u(n) be the first derivative of 1 + 1 - n**s - 8 + 1. Give u(-3).
6
Let t be 4 + -2 + (-3 - 0). Let b be (-2)/((-6)/(-9))*t. Suppose -4*q = -0*q - 2*c - 12, -3*q = b*c. Let x(s) = -4*s. Determine x(q).
-8
Suppose -2*n = 2 - 4. Suppose c = -3*u - 4*c + n, -3*c = -2*u - 12. Let z(b) = -b**2 - 2*b - 1. What is z(u)?
-4
Let i(d) = -25*d**2 + d + 24. Let m(z) = 25*z**2 - z - 18. Let f(t) = 3*i(t) + 4*m(t). What is f(-1)?
26
Let f(s) be the second derivative of s**7/2520 - s**6/144 - 7*s**5/120 - s**4 - 4*s. Let i(g) be the third derivative of f